. Calculate x(34).
1774
Let b(p) = -59055*p - 767710. Calculate b(-13).
5
Let r(q) = q**3 - 128*q**2 + 2211*q + 754. Determine r(21).
-2
Let j(a) = -27501*a - 7810271. Calculate j(-284).
13
Let b(r) = 537*r**2 + 2761*r - 2764. Give b(1).
534
Let q(g) = -35*g**2 + 2372*g + 7106. Calculate q(-3).
-325
Let n(b) = 1529*b - 37990. Determine n(24).
-1294
Let q(z) = -z**3 - 516*z**2 - 1214*z + 166686. Give q(-513).
-39
Let n(c) = 1392*c - 3660. Determine n(3).
516
Let g(u) = u**2 + 286404*u + 2291145. Give g(-8).
-23
Let l(s) = 6*s**3 + 972*s**2 - 2966*s + 535. What is l(-165)?
-125
Let t(k) = 4*k**2 - 74*k - 401. Determine t(23).
13
Let w(j) = -202*j**3 - 399*j**2 - 178*j - 353. Determine w(-2).
23
Let f(r) = 45*r**2 + 942*r + 3. What is f(-21)?
66
Let m(r) = -20*r**2 - 2939*r + 261. Calculate m(-147).
114
Let b(k) = 80*k**2 - 350*k - 1405. Determine b(-4).
1275
Let z(k) = -609*k - 6659. Calculate z(-11).
40
Let z(a) = -a**3 - 73*a**2 - 153*a - 1563. Calculate z(-71).
-782
Let f(l) = -l**3 - 53*l**2 + 818*l + 7307. Give f(-64).
11
Let i(x) = 23283*x - 1606506. What is i(69)?
21
Let w(l) = -454*l + 55209. Determine w(119).
1183
Let l(z) = -8*z**3 + 2418*z**2 + 1802*z + 4864. Give l(303).
16
Let d(m) = -4*m**3 + 240*m**2 - 1838*m + 19. Give d(9).
1
Let q(b) = -2373*b + 239. Give q(-1).
2612
Let s(j) = -j**3 + 87*j**2 - 267*j - 5409. Determine s(83).
-14
Let u(s) = -s**2 - 137*s + 4057. Calculate u(26).
-181
Let s(t) = -t**3 - 8*t**2 + 1174*t - 1036. What is s(30)?
-16
Let w(z) = -625*z**2 - 40*z - 46. Determine w(-1).
-631
Let i(v) = -v**2 + 270*v - 7811. Give i(237).
10
Let k(j) = -j**3 - 303*j**2 + 8909*j - 430. Give k(-330).
-100
Let u(b) = -1086*b + 251965. Calculate u(232).
13
Let x(b) = -767*b + 8466. What is x(11)?
29
Let d(f) = -845*f - 20486. Calculate d(-27).
2329
Let v(j) = 21*j**3 + 420*j**2 - 51*j - 974. What is v(-20)?
46
Let l(z) = 3157*z + 46681. What is l(-15)?
-674
Let n(m) = -m**3 + 48*m**2 - 20*m + 864. Give n(49).
-2517
Let p(z) = 931118*z + 33520257. Determine p(-36).
9
Let k(w) = w**3 - 30*w**2 + 356*w - 2793. Calculate k(19).
0
Let t(m) = -595*m - 4743. Give t(-7).
-578
Let h(w) = 26*w**2 - 237*w - 464. Give h(11).
75
Let a(g) = 71*g**3 - 5*g**2 + 293*g + 608. What is a(-2)?
-566
Let y(j) = j**3 - 9*j**2 - 9094*j + 72856. Determine y(8).
40
Let x(a) = -74708*a + 49830234. Give x(667).
-2
Let r(a) = 8554*a + 145420. Calculate r(-17).
2
Let l(g) = 27*g**2 + 40*g - 217. Determine l(7).
1386
Let g(a) = -3148*a**2 - 251835*a + 407. What is g(-80)?
7
Let p(r) = 31*r**2 - 1129*r + 4415. What is p(32)?
31
Let u(j) = -j**3 + 21*j**2 - 65*j - 63. Calculate u(17).
-12
Let p(b) = -2*b**3 - 2*b**2 + 15*b + 22. What is p(-5)?
147
Let r(m) = -m**3 + 8*m**2 - 162*m - 842. Give r(-5).
293
Let x(m) = -23*m - 892. Calculate x(-32).
-156
Let b(h) = 3*h**2 + 1691*h + 98505. What is b(-66)?
-33
Let c(l) = -3*l**2 - 46615*l - 17. Calculate c(0).
-17
Let i(d) = d**3 + 55*d**2 + 1301*d + 71597. Calculate i(-55).
42
Let g(y) = 34*y**2 + 1547*y - 6733. Give g(4).
-1
Let j(x) = 253947*x - 20061815. Determine j(79).
-2
Let r(h) = -228*h**2 - 54489*h + 709. Determine r(-239).
-8
Let p(m) = 2*m**3 + 71*m**2 + 427*m - 130. Give p(-8).
-26
Let g(a) = 17*a**2 - 25*a + 6. What is g(-3)?
234
Let s(f) = -f**3 + 2*f**2 + 199*f + 35. Give s(13).
763
Let x(s) = 5*s**2 + 29*s + 43. What is x(11)?
967
Let y(b) = -1156*b**2 - 10366*b - 46. What is y(-9)?
-388
Let z(y) = 1326*y - 139299. What is z(105)?
-69
Let w(o) = 79*o**2 + 3064*o + 56. Calculate w(-39).
719
Let d(l) = -2414*l + 14865. Determine d(6).
381
Let p(t) = -15*t**3 - 111*t**2 + 31*t + 114. What is p(-7)?
-397
Let j(t) = -2*t**2 - 3408*t - 241168. Give j(-74).
72
Let k(o) = -397*o + 4406. Give k(11).
39
Let r(l) = -467*l - 737. What is r(-8)?
2999
Let r(m) = -217*m**3 - 3*m**2 + 34*m + 21. Give r(-1).
201
Let n(p) = -10417*p + 83888. Give n(8).
552
Let y(v) = -5*v**2 - 1467*v + 32307. Give y(-314).
-35
Let l(i) = 2*i**3 + 26*i**2 - 45*i - 787. Determine l(-6).
-13
Let o(t) = -55*t - 2449. Give o(-45).
26
Let q(p) = 483*p**2 + 4355*p + 64. Give q(-9).
-8
Let o(l) = -9390*l + 84508. Calculate o(9).
-2
Let n(p) = p**3 - 14*p**2 + 26820*p - 593915. Give n(22).
-3
Let x(m) = -2*m**3 + 83*m**2 + 207*m - 7666. What is x(42)?
-736
Let l(z) = -2*z**3 + 256*z**2 + 222*z + 5827. Calculate l(129).
1183
Let q(y) = -2*y**2 - 596*y + 9952. Determine q(15).
562
Let j(m) = -m**3 - 616*m**2 - 74982*m + 446. Determine j(-449).
-3
Let a(v) = 49*v - 15779. What is a(265)?
-2794
Let l(o) = -8*o**2 - 121*o + 127. Give l(-23).
-1322
Let f(r) = -r**2 + 6055*r - 174757. Determine f(29).
-3
Let q(j) = -103*j**3 - 5*j**2 - 8*j + 19. Give q(3).
-2831
Let s(c) = 1588*c + 25405. Determine s(-16).
-3
Let s(d) = -297*d - 34660. Determine s(-123).
1871
Let n(s) = 12*s**2 - 2694*s + 103963. Determine n(175).
13
Let d(v) = -2055*v - 45338. What is d(-25)?
6037
Let j(s) = 225*s - 19193. What is j(89)?
832
Let x(q) = -11*q**2 - 2167*q + 4374. Calculate x(-199).
-4
Let m(z) = -4*z + 269. Determine m(98).
-123
Let r(h) = 6*h**3 - 12*h**2 - 7. What is r(-3)?
-277
Let y(l) = -2224*l + 967384. Determine y(435).
-56
Let y(v) = -v**3 + 21*v**2 + 103*v + 186. What is y(28)?
-2418
Let h(x) = -6*x**3 - 8*x**2 - 48*x + 191. Calculate h(4).
-513
Let t(n) = n**3 + 14*n**2 + 3486*n + 10360. Give t(-3).
1
Let r(i) = 119*i**2 + 2073*i + 20. What is r(-17)?
-830
Let l(w) = w**3 + 8*w**2 - 13*w - 26. Determine l(-7).
114
Let g(f) = -2*f**3 + 458*f**2 + 3793*f + 4. Calculate g(-8).
-4
Let m(c) = -6*c**2 + 1301*c - 34576. Give m(31).
-11
Let y(f) = 4922*f + 521663. Calculate y(-106).
-69
Let l(q) = -707*q - 45945. Determine l(-65).
10
Let m(x) = -x**3 - 57*x**2 - 262*x + 595. What is m(-7)?
-21
Let f(g) = 6*g**3 - 886*g**2 + 578*g + 1599. Give f(147).
129
Let k(a) = -13*a**3 - 258*a**2 + 888*a + 6. Give k(3).
-3
Let f(p) = p**3 + 111*p**2 + 2476*p - 323. Determine f(-80).
-3
Let q(p) = 4*p**2 - 808*p + 662. Calculate q(202).
662
Let z(p) = -7216*p + 28833. Give z(4).
-31
Let r(i) = 4*i**2 - 2150*i + 115450. What is r(477)?
16
Let w(i) = 9*i**2 - 2706*i + 28737. Give w(11).
60
Let y(l) = l**3 + 415*l**2 - 4248*l + 884. What is y(-425)?
34
Let x(q) = 21*q**2 - 252*q + 8. Determine x(16).
1352
Let v(a) = -8*a**2 - 2080*a - 16399. Determine v(-8).
-271
Let j(c) = 2*c**2 - 3567*c - 21456. Calculate j(-6).
18
Let z(q) = 1572*q**2 - 2612*q + 2611. Determine z(1).
1571
Let k(p) = 2972*p + 23834. What is k(-8)?
58
Let o(t) = -t**3 + 149*t**2 + 86*t + 9111. What is o(150)?
-489
Let i(q) = -123*q**2 - 394*q + 8392. Determine i(-10).
32
Let g(r) = 13819*r + 829129. What is g(-60)?
-11
Let t(b) = b**3 + 219*b**2 - 26863*b - 13462. What is t(88)?
2
Let w(f) = 25*f**2 + 380*f - 2175. Determine w(6).
1005
Let a(g) = -g**2 - 281*g - 12586. Give a(-225).
14
Let z(y) = -27313*y + 13137556. Calculate z(481).
3
Let a(d) = -d**3 - 338*d**2 + 6035*d + 15. Calculate a(17).
15
Let b(m) = -m**3 - 14*m**2 - 3488*m - 34585. What is b(-10)?
-105
Let u(v) = -79*v + 2521. Calculate u(38).
-481
Let z(x) = -2601*x - 335527. Give z(-129).
2
Let a(p) = -633619*p - 27879229. Calculate a(-44).
7
Let u(t) = -498*t - 10194. Calculate u(-27).
3252
Let a(b) = -105805*b + 105803. What is a(1)?
-2
Let v(o) = o**3 + 163*o**2 + 4306*o + 290. What is v(-130)?
-1790
Let p(u) = 4*u**3 - 147*u**2 - 174*u - 614. What is p(38)?
-6
Let r(q) = -q**3 - 75*q**2 + 10235*q + 776237. Calculate r(-77).
0
Let g(a) = 13132*a - 14. Calculate g(0).
-14
Let d(k) = -3*k**2 + 197*k + 7320. Calculate d(92).
52
Let i(c) = -4*c**2 + 767*c - 2753. What is i(189)?
-674
Let j(h) = -h**3 + 21*h**2 + 649*h - 13876. What is j(23)?
-7
Let m(t) = t**3 + 24*t**2 + 105*t + 5019. Determine m(-27).
-3
Let k(v) = 3*v**2 - 667*v + 9065. Calculate k(14).
315
Let b(w) = w**3 + 81*w**2 + 137*w + 4115. Determine b(-80).
-445
Let b(s) = 7*s**2 + 67*s + 145. Give b(-28).
3757
Let p(g) = -g**2 + 21*g - 686. Give p(36).
-1226
Let s(n) = -2*n**3 - 28*n**2 - 219*n - 282. Give s(-7).
565
Let v(n) = 22*n**2 - 20228*n + 89669. Give v(915).
-1
Let y(s) = 25*s**2 + 6267*s - 40479. Give y(-257).
127
Let y(k) = -13*k**2 - 49*k + 30. What is y(1)?
-32
Let b(y) = 2676*y + 313098. Calculate b(-117).
6
Let w(r) = -r**3 + 80*r**2 - 517*r + 128. Calculate w(73).
-